lions digit of 2003507018?
0
What is the hundreds digit of 41274805?
8
What is the hundreds digit of 855422068?
0
What is the hundreds digit of 9893548?
5
What is the thousands digit of 48244558?
4
What is the units digit of 1292565594?
4
What is the billions digit of 1427704047?
1
What is the ten thousands digit of 1767081369?
8
What is the units digit of 400605054?
4
What is the hundred thousands digit of 9134560178?
5
What is the units digit of 40043643?
3
What is the hundred millions digit of 301567086?
3
What is the hundreds digit of 48841134?
1
What is the ten millions digit of 2473738406?
7
What is the tens digit of 2211622324?
2
What is the millions digit of 1943062618?
3
What is the ten thousands digit of 7826308?
2
What is the hundreds digit of 1099102794?
7
What is the thousands digit of 6342474891?
4
What is the ten thousands digit of 251028780?
2
What is the units digit of 1483547188?
8
What is the millions digit of 1332252234?
2
What is the hundred millions digit of 307787191?
3
What is the thousands digit of 2303496718?
6
What is the ten millions digit of 157545253?
5
What is the tens digit of 100152482?
8
What is the hundreds digit of 600307656?
6
What is the hundred thousands digit of 2323947828?
9
What is the hundreds digit of 1123513139?
1
What is the hundreds digit of 28790929?
9
What is the tens digit of 1341040876?
7
What is the ten thousands digit of 59689503?
8
What is the hundreds digit of 2447017127?
1
What is the hundred millions digit of 2378319523?
3
What is the hundred thousands digit of 101811783?
8
What is the ten thousands digit of 46119306?
1
What is the ten thousands digit of 13682488?
8
What is the units digit of 19213005?
5
What is the thousands digit of 322711073?
1
What is the hundred thousands digit of 7004335592?
3
What is the hundred thousands digit of 4347765224?
7
What is the thousands digit of 1187842515?
2
What is the hundreds digit of 1960703132?
1
What is the ten millions digit of 25138004?
2
What is the thousands digit of 9695804?
5
What is the millions digit of 19145390?
9
What is the millions digit of 2199978175?
9
What is the thousands digit of 1732379177?
9
What is the tens digit of 510542542?
4
What is the hundred millions digit of 2657310580?
6
What is the hundreds digit of 755803811?
8
What is the ten millions digit of 24138070?
2
What is the units digit of 392098517?
7
What is the tens digit of 60906194?
9
What is the hundred thousands digit of 229932231?
9
What is the tens digit of 54424186?
8
What is the tens digit of 320854483?
8
What is the hundred thousands digit of 2889262508?
2
What is the ten millions digit of 54713637?
5
What is the units digit of 87387796?
6
What is the hundred thousands digit of 2348618647?
6
What is the hundreds digit of 559355079?
0
What is the thousands digit of 110996368?
6
What is the hundred thousands digit of 477009339?
0
What is the thousands digit of 601846636?
6
What is the ten millions digit of 24310899?
2
What is the hundreds digit of 410338329?
3
What is the hundred thousands digit of 2411609687?
6
What is the hundred millions digit of 8883646256?
8
What is the hundred thousands digit of 15969760?
9
What is the tens digit of 510435571?
7
What is the millions digit of 730194394?
0
What is the ten thousands digit of 1732664908?
6
What is the units digit of 92341294?
4
What is the hundred thousands digit of 155490710?
4
What is the ten thousands digit of 1501335024?
3
What is the ten thousands digit of 540346339?
4
What is the millions digit of 148594430?
8
What is the tens digit of 1281417305?
0
What is the tens digit of 175079843?
4
What is the tens digit of 192560616?
1
What is the ten millions digit of 346463098?
4
What is the millions digit of 415870159?
5
What is the thousands digit of 4816517?
6
What is the units digit of 279106928?
8
What is the hundred thousands digit of 3809500550?
5
What is the ten thousands digit of 4400155069?
5
What is the millions digit of 53637500?
3
What is the ten millions digit of 1618950468?
1
What is the tens digit of 111317268?
6
What is the millions digit of 72344122?
2
What is the thousands digit of 35259379?
9
What is the ten thousands digit of 6178741748?
4
What is the millions digit of 622695947?
2
What is the hundreds digit of 2485154494?
4
What is the millions digit of 2786589492?
6
What is the thousands digit of 350656118?
6
What is the hundred thousands digit of 1031054816?
0
What is the ten thousands digit of 2562730408?
3
What is the ten millions digit of 266552965?
6
What is the thousands digit of 371645925?
5
What is the ten millions digit of 48146511?
4
What is the hundred thousands digit of 1758457453?
4
What is the hundreds digit of 7310863?
8
What is the ten millions digit of 2636407446?
3
What is the hundreds digit of 32943996?
9
What is the hundred thousands digit of 367482343?
4
What is the hundreds digit of 2188184116?
1
What is the units digit of 1504122235?
5
What is the hundred millions digit of 249188177?
2
What is the hundred thousands digit of 39289182?
2
What is the hundred thousands digit of 257722453?
7
What is the units digit of 3208551845?
5
What is the units digit of 602446111?
1
What is the thousands digit of 295524429?
4
What is the ten thousands digit of 4257928534?
2
What is the thousands digit of 73140668?
0
What is the units digit of 28462284?
4
What is the hundred thousands digit of 1944347139?
3
What is the hundred thousands digit of 88773000?
7
What is the thousands digit of 1374251941?
1
What is the tens digit of 1671549426?
2
What is the ten millions digit of 26459965?
2
What is the thousands digit of 35029698?
9
What is the millions digit of 30121122?
0
What is the hundreds digit of 12545548?
5
What is the hundred thousands digit of 52029048?
0
What is the ten millions digit of 87568173?
8
What is the hundreds digit of 2261322?
3
What is the ten thousands digit of 128304787?
0
What is the ten millions digit of 216245497?
1
What is the ten millions digit of 630123838?
3
What is the hundred millions digit of 517421984?
5
What is the billions digit of 1088302300?
1
What is the hundreds digit of 562741840?
8
What is the ten thousands digit of 673120198?
2
What is the hundred millions digit of 4515359135?
5
What is the hundreds digit of 923449978?
9
What is the hundreds digit of 129572942?
9
What is the ten millions digit of 17672999?
1
What is the millions digit of 225601384?
5
What is the hundreds digit of 433069870?
8
What is the ten thousands digit of 154939802?
3
What is the units digit of 958714610?
0
What is the millions digit of 139131355?
9
What is the ten millions digit of 367569003?
6
What is the hundreds digit of 39814863?
8
What is the tens digit of 7521861?
6
What is the ten thousands digit of 20049707?
4
What is the billions digit of 5614976648?
5
What is the thousands digit of 148432880?
2
What is the hundreds digit of 247263444?
4
What is the hundred thousands digit of 2521730558?
7
What is the ten thousands digit of 1510650941?
5
What is the hundreds digit of 122436336?
3
What is the thousands digit of 4765086?
5
What is the ten millions digit of 174646346?
7
What is the ten thousands digit of 25423631?
2
What is the millions digit of 179854021?
9
What is the thousands digit of 90834491?
4
What is the millions digit of 681738434?
1
What is the tens digit of 30017657?
5
What is the ten millions digit of 686459416?
8
What is the units digit of 3478660950?
0
What is the units digit of 17532655?
5
What is the ten thousands digit of 5113792191?
9
What is the ten thousands digit of 273015778?
1
What is the hundred thousands digit of 1243906815?
9
What is the millions digit of 203084346?
3
What is the tens digit of 1221875511?
1
What is the hundreds digit of 93348368?
3
What is the billions digit of 1063659235?
1
What is the millions digit of 495147736?
5
What is the hundreds digit of 493281728?
7
What is the tens digit of 229951983?
8
What is the units digit of 3612706?
6
What is the hundreds digit of 2241682061?
0
What is the units digit of 804760125?
5
What is the units digit of 22137586?
6
What is the thousands digit of 313546617?
6
What is the tens digit of 7550269?
6
What is the ten millions digit of 574828178?
7
What is the ten millions digit of 6355